ommon divisor of n and 96?
12
Let k = -7 + 8. Let l be k/(-1) - (-1 - 30). Let c be (-12)/(-18) - 13/(-3). Calculate the highest common factor of l and c.
5
Let r be (-2)/6 - (-761)/(-3). Let y be r/(-10) - 8/20. Let p(u) = -12*u - 2. Let f be p(-1). Calculate the greatest common factor of f and y.
5
Let g be -3 + (-9)/(-3) + -16. Let b(d) = -21*d. Let r be b(-2). Let w = r + g. Calculate the greatest common factor of w and 13.
13
Let t be (0 - 1)*2 - -7. Suppose -t = -2*m - 1. What is the highest common divisor of 22 and m?
2
Let b be (-3)/(-1) + (2 - -2). Let q be 7/(-2)*(-4)/b. Suppose -2*k + 4 = q*k. Calculate the greatest common divisor of k and 4.
1
Suppose -3*w - 44 = -4*v + w, 0 = 5*w. Let f = -328 + 405. What is the highest common divisor of v and f?
11
Let m be (-1)/(-4) - 268/(-16). Suppose -j = -106 - 30. Calculate the highest common divisor of j and m.
17
Suppose -4*u = -4*m + 12, 5*m - 4*u + 2*u = 21. Let f = -116 - -156. Calculate the highest common factor of f and m.
5
Let y(m) = -m + 2. Let a be y(5). Let p(s) = s**3 + 5*s**2 + s + 1. Let c be p(a). Suppose 3*o - o = 288. What is the highest common divisor of o and c?
16
Suppose z = 2*n - z - 154, 3*n + 3*z = 231. Calculate the greatest common factor of 11 and n.
11
Suppose 34 = 4*s + 5*d, -3*s - 5*d + 20 = -4*d. Let m = -4 + 22. What is the greatest common divisor of m and s?
6
Suppose 5*v = 2*v + 324. Suppose y = a - v, 3*a - 4*y = -2*a + 544. What is the greatest common factor of 28 and a?
28
Suppose 10*u - 32 = 38. Calculate the greatest common factor of 77 and u.
7
Suppose 1 = -5*x + 11. Suppose x*z - 65 = 75. Calculate the greatest common divisor of 10 and z.
10
Suppose -5*x - 38 = 12. Let u = x + 28. What is the greatest common factor of 45 and u?
9
Let f(x) = 10*x + 10. Let p be f(9). Let o be p*6/(-8)*-1. What is the highest common divisor of 15 and o?
15
Let g be (4/(-2))/(-1) - 30/(-1). What is the greatest common divisor of 4 and g?
4
Suppose -292 = -4*w - 4*t, -2*w + 0*t + 5*t = -118. Calculate the highest common divisor of 46 and w.
23
Suppose -26 = -5*n + 94. Suppose 9 = 4*c - c. What is the highest common factor of n and c?
3
Let h be (20 + -4)*9/4. Let i be 5 - -3 - 2 - -3. What is the greatest common divisor of i and h?
9
Let w = 15 - 15. Suppose w*c - 95 = -5*c. What is the highest common factor of c and 209?
19
Let u be 186/9 + (-6)/9. Let d be (11/11)/(2/u). What is the highest common divisor of 15 and d?
5
Let n(g) be the third derivative of g**4/24 + 5*g**3/6 - 2*g**2. Let y be n(4). Calculate the highest common divisor of y and 9.
9
Let l be 16/3 - 28/(-42). Calculate the highest common divisor of 9 and l.
3
Suppose 4*h + 45 = 9*h. Calculate the greatest common factor of 18 and h.
9
Let v be ((-56)/(-12))/(1/12). Let i be 0 + (-3 - -5 - -1). Suppose -3*g - 2*u + 14 = -g, -i*g - u + 21 = 0. What is the greatest common factor of v and g?
7
Let t(s) be the second derivative of s**4/12 + 11*s**3/6 - s**2/2 - 2*s. Let o be t(-10). Let k = o - -19. Calculate the greatest common divisor of k and 56.
8
Let g be (-27)/(-3) + -2 + 0. Let c be (2 - 1) + 76 - 0. Calculate the greatest common factor of c and g.
7
Let v = -3 + 1. Let n = 15 - 0. Let p be n + (-3)/((-6)/v). Calculate the greatest common factor of p and 112.
14
Suppose -4*i + 2*w + 88 = -2*w, -2*w + 96 = 5*i. Calculate the highest common divisor of i and 8.
4
Let x be (-3)/9 + 218/6. Suppose 3*o - 3 = 5*c + 8, -3*o + 4*c + 13 = 0. Suppose -o*h + 39 = -87. What is the highest common factor of h and x?
18
Let k(y) = -y**3 + 5*y**2 + 2*y - 4. Let v be k(-4). Let r(l) = -l**3 + 5*l**2 - 4. Let n be r(4). Calculate the highest common divisor of n and v.
12
Let y = -15 - -15. Suppose y = -2*b + b + 85. What is the greatest common divisor of b and 17?
17
Let k be 12/(-54) - 76/(-18). What is the greatest common factor of 1 and k?
1
Let c be 4 - (-3)/((-6)/4). Let y(r) = r**3 - 19*r**2 - r + 33. Let v be y(19). Calculate the highest common divisor of c and v.
2
Suppose 0*l + 2*l + 3*d - 260 = 0, 0 = -3*d - 6. Suppose -5*k + 19 = -6, 0 = -4*j - 5*k + l. What is the highest common divisor of j and 9?
9
Let a = -12 - -36. Let k be (-120)/(-21) - 2/(-7). What is the greatest common factor of a and k?
6
Let i(n) = n + 21. Let w be i(-11). Let f be 2/w - 1004/20. Let k = 74 + f. What is the highest common factor of 120 and k?
24
Let r = 27 - 16. Let m = -289 + 138. Let n = -107 - m. What is the highest common factor of r and n?
11
Suppose -4*f - 128 = -2*g - 0*f, -4*g + 240 = -4*f. What is the highest common divisor of g and 8?
8
Let g(y) = y - 5 - 1 + 5*y**2 + 2*y - y**3. Let q(t) = t**2 + 4*t + 5. Let l be q(-4). Let v be g(l). What is the greatest common factor of v and 36?
9
Suppose -2*l - 50 = -7*l. Let w(m) = 5*m + 7. Let i be w(13). Suppose -b = -d - i, 3*b = -5*d + 64 + 136. Calculate the greatest common factor of l and b.
10
Let u = 57 - 21. Let h be (2/(-5))/((-8)/240). Calculate the greatest common divisor of h and u.
12
Let o be 9/((-27)/6) - (-16 - 0). What is the greatest common factor of o and 2?
2
Suppose 0 = 5*u - 2*b - 138, -u - 3*b + 15 + 16 = 0. Calculate the greatest common divisor of u and 224.
28
Let r(s) = 0*s**3 + 6*s**2 + 4*s + 0*s - 7 - s**3. Suppose g + g - 12 = 0. Let j be r(g). Calculate the highest common factor of 85 and j.
17
Let s(l) = 4*l**2 - 13*l + 9. Let f be s(6). What is the highest common divisor of f and 15?
15
Let m(g) = -2*g + 11. Let p be m(0). What is the highest common divisor of p and 55?
11
Let x be 36*(-2)/(16/6). Let i = x - -47. Calculate the greatest common factor of i and 4.
4
Let h(c) = 3*c**2 - 2*c + 1. Let r be h(1). Suppose 2*k + d - 81 = -r*k, -4*d - 56 = -3*k. What is the highest common factor of k and 30?
10
Suppose -4*t = -4*s, -4*t - 7 = 5*s - 25. Let l be (t - 1)*37 + -1. Let u be l/(-2 - -5) - 2. Calculate the greatest common divisor of u and 40.
10
Suppose -1162 = -3*d - 2*d + 2*w, 0 = 3*d - 2*w - 698. Calculate the greatest common divisor of d and 29.
29
Let v = -16 + 93. Calculate the greatest common divisor of 7 and v.
7
Let i be (12/(-10))/(6/(-80)). What is the highest common factor of 16 and i?
16
Suppose r - 5 = -3. What is the greatest common divisor of r and 2?
2
Let b = 15 + -3. Suppose 2*s = 5*s - 1140. Suppose 2 = -4*n - 2, 0 = 4*d + 4*n - s. Calculate the greatest common divisor of d and b.
12
Suppose 3*f - 5*f = -54. Suppose i - 13 = 5*m, 4*i + 3*m - 9 = -3. Calculate the highest common divisor of f and i.
3
Let k be (8/5)/((-6)/(-15)). Suppose -184 = 2*l - 7*l - z, -128 = -4*l + k*z. Calculate the greatest common factor of 4 and l.
4
Suppose 0 = -3*q - 2*q, 4*q = -l + 3. Let w be (-1)/l - 20/(-6). What is the greatest common factor of w and 1?
1
Suppose 376 + 295 = 4*h + r, -20 = 4*r. Let f = h - 79. What is the greatest common divisor of 10 and f?
10
Suppose 4*y - 16 = 16. Let l(k) = k**3 - 7*k**2 + 3*k + 11. Let d be l(y). Suppose -3*r - d = -6*r. What is the highest common divisor of r and 3?
3
Let q be (-45)/(-6) - (-3)/(-2). Let t be (9/q)/((-6)/(-256)). Calculate the highest common divisor of t and 8.
8
Let g(o) = -3*o + o**3 - 6*o**2 + 6*o - 4*o + 7. Let j be g(6). Let q(m) = -m**2 + 4*m + 3. Let z be q(4). What is the highest common factor of j and z?
1
Let v(z) = -3*z**3 + 6*z**2 + 6*z + 2*z**3 + 0*z**3. Let w be v(6). Calculate the highest common factor of 24 and w.
12
Let d = 21 - 17. Calculate the greatest common divisor of d and 40.
4
Let c = -150 - -160. Calculate the highest common factor of c and 250.
10
Let g(q) = -6*q - 14. Let d be g(-11). Calculate the greatest common divisor of d and 13.
13
Suppose -2*n + 41 = 17. What is the greatest common divisor of n and 36?
12
Let s be (-99)/(-6)*16/3. Suppose f - s = -3*f. Calculate the greatest common factor of 110 and f.
22
Let v be 240 + 1 + (-1 - 0). Calculate the highest common factor of 30 and v.
30
Suppose 0 = p + 1, -2*s - p + 13 = 2*p. Calculate the highest common divisor of 8 and s.
8
Let u be 1*-5*(-2 - -1). Suppose 0 = u*p - 8 - 22. Let n be (9/4)/((-2)/(-16)). Calculate the highest common divisor of p and n.
6
Let v = -153 + 184. Calculate the greatest common factor of 31 and v.
31
Let t be (1 - -6)/(3/51). Let w = -74 + t. Calculate the greatest common facto